prime factors of 7261.
53, 137
What are the prime factors of 168?
2, 3, 7
What are the prime factors of 47532?
2, 3, 17, 233
What are the prime factors of 3356?
2, 839
List the prime factors of 1096.
2, 137
What are the prime factors of 3064?
2, 383
List the prime factors of 979.
11, 89
List the prime factors of 1215.
3, 5
List the prime factors of 268.
2, 67
List the prime factors of 2222.
2, 11, 101
List the prime factors of 559.
13, 43
What are the prime factors of 6858?
2, 3, 127
What are the prime factors of 32068?
2, 8017
What are the prime factors of 195291?
3, 2411
List the prime factors of 3695.
5, 739
What are the prime factors of 164783?
367, 449
What are the prime factors of 553?
7, 79
What are the prime factors of 89571?
3, 73, 409
List the prime factors of 873.
3, 97
What are the prime factors of 389?
389
What are the prime factors of 133803?
3, 14867
List the prime factors of 12490.
2, 5, 1249
What are the prime factors of 9240?
2, 3, 5, 7, 11
What are the prime factors of 174855?
3, 5, 11657
List the prime factors of 7491.
3, 11, 227
List the prime factors of 10341.
3, 383
What are the prime factors of 1906?
2, 953
List the prime factors of 15463.
7, 47
List the prime factors of 2911.
41, 71
List the prime factors of 55041.
3, 7, 2621
List the prime factors of 4447.
4447
List the prime factors of 41523.
3, 13841
What are the prime factors of 3687?
3, 1229
What are the prime factors of 75975?
3, 5, 1013
List the prime factors of 3261.
3, 1087
List the prime factors of 740.
2, 5, 37
List the prime factors of 6140.
2, 5, 307
What are the prime factors of 11227?
103, 109
What are the prime factors of 1913?
1913
What are the prime factors of 19979?
19979
List the prime factors of 1962.
2, 3, 109
What are the prime factors of 14642?
2, 7321
List the prime factors of 404.
2, 101
List the prime factors of 831.
3, 277
List the prime factors of 57900.
2, 3, 5, 193
List the prime factors of 17846.
2, 8923
List the prime factors of 382.
2, 191
What are the prime factors of 13518?
2, 3, 751
List the prime factors of 17586.
2, 3, 977
What are the prime factors of 2501?
41, 61
List the prime factors of 638.
2, 11, 29
List the prime factors of 2337.
3, 19, 41
List the prime factors of 103.
103
What are the prime factors of 2614?
2, 1307
What are the prime factors of 11699?
11699
List the prime factors of 3237.
3, 13, 83
List the prime factors of 32477.
47, 691
List the prime factors of 69434.
2, 149, 233
What are the prime factors of 412?
2, 103
List the prime factors of 2406.
2, 3, 401
What are the prime factors of 3377?
11, 307
What are the prime factors of 3851?
3851
What are the prime factors of 2527?
7, 19
What are the prime factors of 1198?
2, 599
What are the prime factors of 627?
3, 11, 19
List the prime factors of 16498.
2, 73, 113
What are the prime factors of 4303?
13, 331
What are the prime factors of 41838?
2, 3, 19, 367
What are the prime factors of 22299?
3, 7433
List the prime factors of 107.
107
What are the prime factors of 52038?
2, 3, 7, 59
List the prime factors of 50936.
2, 6367
List the prime factors of 128105.
5, 25621
List the prime factors of 51255.
3, 5, 17, 67
List the prime factors of 12440.
2, 5, 311
List the prime factors of 2657.
2657
List the prime factors of 19221.
3, 43, 149
List the prime factors of 2380.
2, 5, 7, 17
What are the prime factors of 1257?
3, 419
What are the prime factors of 1921?
17, 113
What are the prime factors of 25451?
31, 821
What are the prime factors of 2724?
2, 3, 227
What are the prime factors of 44891?
7, 11, 53
List the prime factors of 1358.
2, 7, 97
What are the prime factors of 1989?
3, 13, 17
What are the prime factors of 34?
2, 17
List the prime factors of 337.
337
What are the prime factors of 13877?
13877
What are the prime factors of 17244?
2, 3, 479
What are the prime factors of 159954?
2, 3, 53, 503
What are the prime factors of 32926?
2, 101, 163
What are the prime factors of 2624?
2, 41
List the prime factors of 2519.
11, 229
What are the prime factors of 133?
7, 19
What are the prime factors of 395?
5, 79
What are the prime factors of 116952?
2, 3, 11, 443
What are the prime factors of 2161?
2161
What are the prime factors of 105056?
2, 7, 67
What are the prime factors of 8013?
3, 2671
What are the prime factors of 2624?
2, 41
What are the prime factors of 32187?
3, 10729
List the prime factors of 201.
3, 67
List the prime factors of 65678.
2, 32839
List the prime factors of 30773.
30773
List the prime factors of 7262.
2, 3631
What are the prime factors of 1109?
1109
What are the prime factors of 78914?
2, 11, 17, 211
List the prime factors of 9978.
2, 3, 1663
What are the prime factors of 19288?
2, 2411
List the prime factors of 22430.
2, 5, 2243
List the prime factors of 868.
2, 7, 31
List the prime factors of 12035.
5, 29, 83
List the prime factors of 531.
3, 59
What are the prime factors of 6921?
3, 769
What are the prime factors of 570?
2, 3, 5, 19
List the prime factors of 3270.
2, 3, 5, 109
List the prime factors of 60805.
5, 12161
List the prime factors of 15011.
17, 883
List the prime factors of 1753.
1753
List the prime factors of 85.
5, 17
List the prime factors of 7497.
3, 7, 17
List the prime factors of 66468.
2, 3, 29, 191
List the prime factors of 137.
137
What are the prime factors of 395?
5, 79
What are the prime factors of 6?
2, 3
What are the prime factors of 12061?
7, 1723
What are the prime factors of 37075?
5, 1483
List the prime factors of 6807.
3, 2269
What are the prime factors of 10618?
2, 5309
List the prime factors of 37738.
2, 18869
List the prime factors of 1390.
2, 5, 139
What are the prime factors of 2316?
2, 3, 193
What are the prime factors of 1242?
2, 3, 23
List the prime factors of 1130.
2, 5, 113
What are the prime factors of 15512?
2, 7, 277
What are the prime factors of 4976?
2, 311
What are the prime factors of 6949?
6949
What are the prime factors of 1327?
1327
List the prime factors of 24466.
2, 13, 941
List the prime factors of 1483.
1483
What are the prime factors of 6428?
2, 1607
List the prime factors of 25551.
3, 17, 167
List the prime factors of 22593.
3, 17, 443
What are the prime factors of 1244?
2, 311
List the prime factors of 91184.
2, 41, 139
What are the prime factors of 37990?
2, 5, 29, 131
What are the prime factors of 17870?
2, 5, 1787
List the prime factors of 960.
2, 3, 5
List the prime factors of 509.
509
What are the prime factors of 6143?
6143
What are the prime factors of 26606?
2, 53, 251
What are the prime factors of 6931?
29, 239
List the prime factors of 3503.
31, 113
List the prime factors of 7904.
2, 13, 19
List the prime factors of 27337.
27337
What are the prime factors of 3444?
2, 3, 7, 41
What are the prime factors of 950?
2, 5, 19
List the prime factors of 18913.
18913
List the prime factors of 1794.
2, 3, 13, 23
What are the prime factors of 2952?
2, 3, 41
What are the prime factors of 9459?
3, 1051
List the prime factors of 1075.
5, 43
What are the prime factors of 2688?
2, 3, 7
List the prime factors of 820.
2, 5, 41
What are the prime factors of 5246?
2, 43, 61
List the prime factors of 628.
2, 157
What are the prime factors of 53413?
31, 1723
List the prime factors of 4274.
2, 2137
What are the prime factors of 14056?
2, 7, 251
What are the prime factors of 3158?
2, 1579
What are the prime factors of 5645?
5, 1129
What are the prime factors of 928?
2, 29
What are the prime factors of 554?
2, 277
What are the prime factors of 21571?
11, 37, 53
What are the prime factors of 3272?
2, 409
List the prime factors of 10593.
3, 11, 107
What are the prime factors of 1186?
2, 593
What are the prime factors of 11299?
11299
List the prime factors of 12552.
2, 3, 523
What are the prime factors of 2241?
3, 83
What are the prime factors of 784?
2, 7
List the prime factors of 1388.
2, 347
List the prime factors of 78401.
78401
What are the prime factors of 33029?
33029
What are the prime factors of 1006?
2, 503
List the prime factors of 23312.
2, 31, 47
What are the prime factors of 6975?
3, 5, 31
What are the prime factors of 17030?
2, 5, 13, 131
What are the prime factors of 384?
2, 3
List the prime factors of 37305.
3, 5, 829
List the prime factors of 4454.
2, 17, 131
List the prime factors of 1364